lse
Is 58374 a multiple of 46?
True
Is 5757 a multiple of 7?
False
Is 28 a factor of 1288?
True
Is 11020 a multiple of 76?
True
Is 8 a factor of 50973?
False
Is 629 a multiple of 17?
True
Does 10 divide 1191?
False
Is 11995 a multiple of 85?
False
Does 20 divide 2603?
False
Is 4 a factor of 1445?
False
Is 45514 a multiple of 285?
False
Does 18 divide 10584?
True
Does 45 divide 68085?
True
Is 45 a factor of 30465?
True
Does 18 divide 216?
True
Is 16 a factor of 672?
True
Is 728 a multiple of 28?
True
Is 32934 a multiple of 20?
False
Is 1487 a multiple of 47?
False
Is 166 a factor of 46480?
True
Is 1981 a multiple of 129?
False
Is 233 a factor of 20737?
True
Is 2268 a multiple of 28?
True
Is 32 a factor of 14368?
True
Is 129 a factor of 14835?
True
Does 2 divide 8?
True
Is 15941 a multiple of 194?
False
Is 50 a multiple of 10?
True
Does 18 divide 4662?
True
Is 324 a multiple of 18?
True
Is 29328 a multiple of 16?
True
Is 2589 a multiple of 14?
False
Does 22 divide 792?
True
Is 4 a factor of 21773?
False
Is 1224 a multiple of 6?
True
Is 87 a multiple of 11?
False
Is 434 a multiple of 28?
False
Is 4737 a multiple of 96?
False
Is 23 even?
False
Is 506 a multiple of 23?
True
Does 42 divide 790?
False
Is 3418 a multiple of 64?
False
Does 15 divide 1605?
True
Is 17 a factor of 6745?
False
Is 570 a multiple of 10?
True
Does 57 divide 8136?
False
Is 272 a multiple of 68?
True
Does 4 divide 756?
True
Is 66 a factor of 2154?
False
Is 35 a factor of 408?
False
Is 21 a factor of 651?
True
Does 22 divide 3740?
True
Does 15 divide 1443?
False
Does 39 divide 11934?
True
Is 97576 a multiple of 34?
False
Is 92 a factor of 2962?
False
Is 1049 a multiple of 7?
False
Is 14772 a multiple of 12?
True
Does 12 divide 1596?
True
Is 11 a factor of 594?
True
Does 43 divide 75443?
False
Does 19 divide 12464?
True
Does 4 divide 2292?
True
Is 769 a multiple of 15?
False
Is 20406 a multiple of 57?
True
Is 144 even?
True
Is 6 a factor of 129?
False
Is 5852 a multiple of 28?
True
Is 5 a factor of 5500?
True
Is 12 a factor of 1044?
True
Does 14 divide 26480?
False
Is 13 a factor of 8983?
True
Does 86 divide 37324?
True
Is 13 a factor of 520?
True
Is 79660 a multiple of 7?
True
Is 15 a factor of 1830?
True
Does 13 divide 2977?
True
Does 37 divide 823?
False
Is 324 a multiple of 54?
True
Is 2 a factor of 19?
False
Is 108 a multiple of 3?
True
Does 64 divide 49812?
False
Is 4692 a multiple of 3?
True
Is 40 a factor of 5076?
False
Does 2 divide 2688?
True
Is 546 a multiple of 9?
False
Does 53 divide 11872?
True
Is 11359 a multiple of 70?
False
Does 27 divide 33588?
True
Is 158 a factor of 8717?
False
Is 23 a factor of 207?
True
Is 42119 a multiple of 107?
False
Is 65 a factor of 2363?
False
Is 4750 a multiple of 125?
True
Is 11 a factor of 1095?
False
Is 31 a factor of 1418?
False
Is 6158 a multiple of 13?
False
Is 607 a multiple of 38?
False
Does 15 divide 2476?
False
Does 43 divide 1944?
False
Is 3473 a multiple of 74?
False
Is 52 a factor of 1109?
False
Is 19 a factor of 553?
False
Is 23409 a multiple of 17?
True
Is 257 a multiple of 5?
False
Does 23 divide 14513?
True
Is 6 a factor of 660?
True
Is 105 a multiple of 2?
False
Is 1328 a multiple of 9?
False
Does 35 divide 2275?
True
Does 9 divide 3366?
True
Does 107 divide 1498?
True
Is 186 a factor of 31434?
True
Is 560 a multiple of 16?
True
Is 5320 a multiple of 10?
True
Does 26 divide 20062?
False
Is 36 a factor of 2692?
False
Is 40 a factor of 31360?
True
Is 76 a factor of 9895?
False
Is 54 a factor of 9396?
True
Is 10945 a multiple of 55?
True
Does 24 divide 5750?
False
Does 11 divide 311?
False
Is 20 a factor of 19765?
False
Does 64 divide 320?
True
Is 747 a multiple of 96?
False
Is 28 a factor of 6217?
False
Is 2 a factor of 199?
False
Does 401 divide 104661?
True
Does 7 divide 70?
True
Does 46 divide 8648?
True
Is 2142 a multiple of 9?
True
Is 9 a factor of 1773?
True
Is 13803 a multiple of 129?
True
Does 159 divide 318?
True
Does 66 divide 1056?
True
Does 61 divide 10473?
False
Does 5 divide 15373?
False
Is 2205 a multiple of 147?
True
Is 24848 a multiple of 23?
False
Does 30 divide 480?
True
Is 192 even?
True
Is 1029 a multiple of 49?
True
Is 36 a factor of 29803?
False
Is 146 a factor of 3650?
True
Is 107 a multiple of 14?
False
Does 34 divide 2678?
False
Is 21 a factor of 1743?
True
Is 115 a factor of 1265?
True
Is 983 a multiple of 29?
False
Is 1752 a multiple of 23?
False
Does 41 divide 4264?
True
Is 13 a factor of 450?
False
Does 36 divide 52149?
False
Is 4 a factor of 3984?
True
Is 1226 a multiple of 17?
False
Does 17 divide 29648?
True
Is 1326 a multiple of 39?
True
Is 13 a factor of 1591?
False
Is 827 a multiple of 2?
False
Does 81 divide 4473?
False
Is 17 a factor of 3765?
False
Does 18 divide 306?
True
Is 10 a factor of 5479?
False
Is 6 a factor of 161?
False
Does 6 divide 13044?
True
Is 17 a factor of 13940?
True
Is 35623 a multiple of 187?
False
Is 55 a factor of 892?
False
Does 64 divide 1944?
False
Is 336 a multiple of 21?
True
Is 41 a factor of 2410?
False
Does 5 divide 605?
True
Is 153 a multiple of 2?
False
Does 120 divide 12931?
False
Is 63 a multiple of 4?
False
Does 10 divide 9513?
False
Is 8582 a multiple of 12?
False
Is 33 a factor of 1056?
True
Is 2371 a multiple of 2?
False
Is 1540 a multiple of 44?
True
Is 528 a multiple of 11?
True
Does 43 divide 1161?
True
Does 20 divide 120?
True
Is 21 a factor of 1323?
True
Does 11 divide 1048?
False
Is 1071 a multiple of 82?
False
Is 1120 a multiple of 40?
True
Is 7062 a multiple of 10?
False
Is 39130 a multiple of 301?
True
Is 3008 a multiple of 120?
False
Is 40 a factor of 5360?
True
Is 135 a multiple of 16?
False
Is 25 a factor of 16959?
False
Is 26 a factor of 2990?
True
Is 86571 a multiple of 17?
False
Does 13 divide 306?
False
Is 18545 a multiple of 9?
False
Is 8879 a multiple of 13?
True
Is 32 a factor of 3200?
True
Is 1425 a multiple of 75?
True
Is 10468 a multiple of 10?
False
Is 23 a factor of 854?
False
Does 74 divide 1332?
True
Is 28 a factor of 668?
False
Is 33 a factor of 4158?
True
Does 17 divide 808?
False
Does 19 divide 2454?
False
Does 2 divide 853?
False
Is 11 a factor of 957?
True
Is 3588 a multiple of 39?
True
Does 161 divide 11109?
True
Does 44 divide 29260?
True
Is 4788 a multiple of 38?
True
Is 55 a factor of 1406?
False
Is 1089 a multiple of 33?
True
Is 9 a factor of 689?
False
Is 2 a factor of 4240?
True
Is 12 a factor of 14748?
True
Is 1953 a multiple of 56?
False
Does 166 divide 12616?
True
Is 165 a factor of 4785?
True
Does 70 divide 4421?
False
Is 13 a factor of 900?
False
Is 13698 a multiple of 24?
False
Is 19389 a multiple of 69?
True
Is 60 a factor of 3177?
False
Does 42 divide 18642?
False
Does 3 divide 5124?
True
Is 2658 a multiple of 32?
False
Is 2010 a multiple of 4?
False
Does 265 divide 28943?
False
Is 9344 a multiple of 16?
True
Is 58 a factor of 812?
True
Is 3 a factor of 285?
True
Is 59 a factor of 1235?
False
Is 34 a factor of 2278?
True
Is 28 a factor of 183?
False
Does 62 divide 37076?
True
Is 13167 a multiple of 14?
False
Is 92 a factor of 1288?
True
Is 26 a factor of 10507?
False
Is 879 a multiple of 10?
False
Is 9989 a multiple of 7?
True
Does 20 divide 240?
True
Is 14 a factor of 10248?
True
Is 194 a factor of 16952?
False
Is 16 a factor of 5344?
True
Does 8 divide 1056?
True
Is 451 a multiple of 71?
False
Is 2054 a multiple of 11?
False
Does 14 divide 2604?
True
Is 4 a factor of 1084?
True
Is 24 a multiple of 4?
True
Is 24124 a multiple of 28?
False
Is 11643 a multiple of 6?
False
Does 41 divide 6166?
False
Does 32 divide 2233?
False
Is 11034 a multiple of 41?
False
Does 473 divide 150304?
False
Is 398 a multiple of 13?
False
Is 6 a factor of 228?
True
Is 13 a factor of 9893?
True
Is 6109 a multiple of 41?
True
Does 16 divide 244?
False
Does 44 divide 10173?
False
Does 21 divide 22407?
True
Does 85 divide 37910?
True
Is 6 a factor of 40272?
True
Is 37 a factor of 56867?
False
Is 20 a factor of 334?
False
Is 29 a factor of 1392?
True
Is 72 a factor of 22005?
False
Is 193 a factor of 9262?
False
Does 10 divide 285?
False
Is 34 a factor of 1731?
False
Is 112 a factor of 29120?
True
Is 672 a multiple of 28?
True
Is 52 a factor of 3150?
False
Does 8 divide 63?
False
Is 34682 a multiple of 18?
False
Is 2369 a 